e 15, what is -4 - 109b0008?
-109b000c
In base 11, what is -3 - a576094?
-a576097
In base 13, what is -a0 - -35228?
35158
In base 7, what is 443 - -26236?
30012
In base 7, what is 554 - 3011501?
-3010614
In base 15, what is 104227 - -17?
10423e
In base 13, what is 3312aa + -5?
3312a5
In base 14, what is -53d5 + -b33?
-6128
In base 8, what is 373 + 366147?
366542
In base 5, what is 11431032403 - 2?
11431032401
In base 13, what is 25c + -197c?
-1720
In base 15, what is -7e + 152064?
151ed5
In base 16, what is -5afe39 + 0?
-5afe39
In base 15, what is -8078824 + 0?
-8078824
In base 9, what is 1 - 12058174?
-12058173
In base 3, what is 2000012112 + -21111?
1222221001
In base 7, what is 4 - -365541120?
365541124
In base 12, what is -2 - 3b8a8ba?
-3b8a900
In base 8, what is 7424324 + 45?
7424371
In base 8, what is 1 + -44202253?
-44202252
In base 10, what is -94035 - -1902?
-92133
In base 11, what is -23a51 - 332?
-24283
In base 2, what is -1100011001101101 + -100011100?
-1100011110001001
In base 13, what is -19886b - 16?
-198884
In base 11, what is 529 - -6944?
7372
In base 2, what is 1011 + -110101110001001101111?
-110101110001001100100
In base 15, what is 2c + -34637d?
-346351
In base 9, what is 1 - -603324508?
603324510
In base 8, what is -17470 - 37016?
-56506
In base 14, what is -3 - -1a0177b?
1a01778
In base 7, what is 1130322 + 64?
1130416
In base 14, what is 68c4389 + 2?
68c438b
In base 8, what is 1751 - -56405?
60356
In base 13, what is -ac2b + 270?
-a98b
In base 4, what is 2113202 + -123233?
1323303
In base 6, what is 3234 - -344250?
351524
In base 11, what is 3896132 + 5?
3896137
In base 16, what is 20 - 324c6?
-324a6
In base 7, what is -213310011 + 5?
-213310003
In base 12, what is -8951 + 301?
-8650
In base 4, what is -2112312312032 - 20?
-2112312312112
In base 7, what is -1 + 256145235?
256145234
In base 8, what is -4 + 254545762?
254545756
In base 11, what is -43a47 + -640?
-44587
In base 7, what is -165 + 323165?
323000
In base 10, what is 1355528 + 7?
1355535
In base 8, what is 3 - 115024347?
-115024344
In base 14, what is c6d - 57927?
-56a98
In base 11, what is -6 + 511181?
511176
In base 5, what is 4221 + 100424?
110200
In base 15, what is -25e17411 - -1?
-25e17410
In base 14, what is -56003d - -2?
-56003b
In base 7, what is -1131 - 124226?
-125360
In base 9, what is -2 + 41322746?
41322744
In base 6, what is -121441425 + -3?
-121441432
In base 6, what is 24105132 - -210?
24105342
In base 6, what is 5 - -2132313301?
2132313310
In base 16, what is 7071 + -23?
704e
In base 10, what is 2 + -36155216?
-36155214
In base 13, what is 37 + 23c639?
23c673
In base 15, what is -b15 - 1141?
-1c56
In base 15, what is 5421 - -15b?
557c
In base 5, what is 222442324033 - 0?
222442324033
In base 7, what is -64 - -1660652?
1660555
In base 13, what is 5 + ab69a6?
ab69ab
In base 11, what is 3024 + -a127?
-7103
In base 8, what is 2456 + 56172?
60650
In base 16, what is 4af35 - 239?
4acfc
In base 14, what is 1c2 - -22cb3?
23095
In base 11, what is -385 - -360a5?
35820
In base 14, what is -88 - ab86?
-ac30
In base 6, what is -4 - -453042033?
453042025
In base 16, what is 1abe4b8 + 0?
1abe4b8
In base 5, what is -430 + -141000?
-141430
In base 9, what is 15 + 8686304?
8686320
In base 3, what is -1 + -200021121221?
-200021121222
In base 13, what is 2 + -b2a04?
-b2a02
In base 4, what is 12232212220000 - 0?
12232212220000
In base 12, what is 168a20 - 330?
1686b0
In base 13, what is -1 + 846a46?
846a45
In base 2, what is 10010100000011011010 - 1000110101?
10010011111010100101
In base 11, what is 3619 + -15410a?
-1505a1
In base 15, what is 4 - -7e19749?
7e1974d
In base 10, what is 5 + -41698089?
-41698084
In base 6, what is -1023 + -143333454?
-143334521
In base 2, what is 100110001111010 - 1000000000?
100101001111010
In base 11, what is -2914168 - 5?
-2914172
In base 9, what is 1 + 13818867?
13818868
In base 13, what is -76 - 133297b?
-1332a24
In base 7, what is 453412530 + 1?
453412531
In base 6, what is 4015133 - -23?
4015200
In base 9, what is 107617032 - 4?
107617027
In base 6, what is -140512152 - 130?
-140512322
In base 16, what is -43 - 3fa1e?
-3fa61
In base 8, what is 34 - -163527462?
163527516
In base 6, what is -4 - 1031253321?
-1031253325
In base 13, what is -1186869 - 3?
-118686c
In base 13, what is 6c + -62c0?
-6251
In base 8, what is -16433 + -140515?
-157150
In base 4, what is 12012 + 123010120?
123022132
In base 7, what is 16334212 + 6?
16334221
In base 16, what is 3 - 16341b?
-163418
In base 6, what is 3422253 + -140?
3422113
In base 14, what is -499c - 76?
-4a34
In base 12, what is 194b - 1638?
313
In base 14, what is 487db + b?
48808
In base 13, what is -154 - -357?
203
In base 10, what is -16082646 - 1?
-16082647
In base 5, what is 13 + -341042012?
-341041444
In base 9, what is 102274301 + 2?
102274303
In base 8, what is 76 - 2446713?
-2446615
In base 3, what is 1111122012200120001 - 2?
1111122012200112222
In base 12, what is -1817a + 272?
-17b08
In base 5, what is 34432 - -1043?
41030
In base 8, what is 10331 - 25463?
-15132
In base 8, what is -1766 - 11721?
-13707
In base 11, what is -187 + -2015a8?
-201784
In base 15, what is c901d06 - 1?
c901d05
In base 4, what is -1220 + 3232301?
3231021
In base 6, what is -5 - 10245514154?
-10245514203
In base 15, what is 1b - 305cbb?
-305ca0
In base 10, what is -4946 - -959?
-3987
In base 13, what is -2474aa + -1?
-2474ab
In base 11, what is -5 - 21719a6?
-2171a00
In base 10, what is 6430 - 285?
6145
In base 4, what is 2310101202200 - 0?
2310101202200
In base 3, what is 20002212222012 + -12?
20002212222000
In base 13, what is 605a2 - 193?
6040c
In base 9, what is 11518246 + 133?
11518380
In base 10, what is -15241 - 6939?
-22180
In base 4, what is 13013011020 - 123?
13013010231
In base 6, what is 23015 - 4402?
14213
In base 7, what is -225 - -2330426?
2330201
In base 8, what is 0 + 272623077?
272623077
In base 6, what is 5215235401 + -14?
5215235343
In base 2, what is 111011010100 - 1000100000011?
-1000101111
In base 4, what is -11130200112 - 1?
-11130200113
In base 4, what is 10 + 13113121310103?
13113121310113
In base 10, what is -1904 + 10299?
8395
In base 2, what is 10 - 10100111110100001010001010?
-10100111110100001010001000
In base 5, what is 1201124412 + 2?
1201124414
In base 16, what is -9aa7 + 7a?
-9a2d
In base 15, what is a081c96 + 4?
a081c9a
In base 13, what is 34 + 2132b4?
213318
In base 2, what is -1000000111101 - -111000010101010?
110000001101101
In base 7, what is 6601412334 + 4?
6601412341
In base 11, what is -390a + 2590?
-132a
In base 14, what is 2 - -1aa9d0a?
1aa9d0c
In base 8, what is -64 - 517414?
-517500
In base 9, what is -131702128 + -3?
-131702132
In base 2, what is -11110110101100111 + 1111101010?
-11110100101111101
In base 8, what is -3575 + 1224?
-2351
In base 14, what is -c8dc7 - 538?
-c9521
In base 4, what is -3311120 - -1223?
-3303231
In base 7, what is 635110030 + 15?
635110045
In base 9, what is -104181 + -421?
-104612
In base 8, what is -302475732 - -5?
-302475725
In base 14, what is -8c6 + -1a8d6?
-1b3bc
In base 12, what is 18a0053 + -4?
18a004b
In base 13, what is 5 - -11ca255?
11ca25a
In base 15, what is 1dd863 + a?
1dd86d
In base 5, what is -444 + 321414403?
321413404
In base 7, what is 5 + 213345215?
213345223
In base 9, what is -2361721 - -22?
-2361688
In base 5, what is -12130104140 + 13?
-12130104122
In base 2, what is 11011 + 1000011010101010110?
1000011010101110001
In base 3, what is 102 - 20011220002011?
-20011220001202
In base 16, what is -52a + -5a20?
-5f4a
In base 4, what is 20010111 - 12131?
13331320
In base 8, what is 7011142 - -411?
7011553
In base 15, what is 3e6 + 1035?
142b
In base 9, what is 2 + 13456886?
13456888
In base 14, what is 291d + 84c3?
b002
In base 13, what is -1192907 + -1?
-1192908
In base 12, what is 801880 + b?
80188b
In base 15, what is 406ba + -1d0b?
3d8ae
In base 8, what is -4 - -7151210?
7151204
In base 5, what is -422010210 + -100?
-422010310
In base 8, what is 6 + -33577455?
-33577447
In base 16, what is -20a8f + -111?
-20ba0
In base 3, what is -21122102110002202 + -12?
-21122102110002221
In base 11, what is -107a5 + 1140?
-a665
In base 12, what is -2aa1 + a13?
-208a
In base 13, what is 5c07 + 2811?
8718
In base 11, wha